inder when 17395518 is divided by 322138.
66
What is the remainder when 1025200 is divided by 874?
872
Calculate the remainder when 4568082 is divided by 1522411.
849
What is the remainder when 829705 is divided by 521?
273
Calculate the remainder when 45694 is divided by 319.
77
Calculate the remainder when 17623 is divided by 1478.
1365
Calculate the remainder when 2375224 is divided by 1693.
1638
Calculate the remainder when 40655372 is divided by 32.
12
Calculate the remainder when 40123808 is divided by 6380.
6368
Calculate the remainder when 877465 is divided by 23619.
3562
Calculate the remainder when 15298842 is divided by 7649382.
78
Calculate the remainder when 29004 is divided by 45.
24
Calculate the remainder when 352345 is divided by 70131.
1690
Calculate the remainder when 25855452 is divided by 807.
786
What is the remainder when 1515205 is divided by 378757?
177
Calculate the remainder when 147350 is divided by 903.
161
Calculate the remainder when 5926043 is divided by 32.
27
What is the remainder when 952884 is divided by 830?
44
Calculate the remainder when 2300641 is divided by 230064.
1
Calculate the remainder when 718435 is divided by 6247.
30
What is the remainder when 1834369 is divided by 114?
109
Calculate the remainder when 12021 is divided by 923.
22
Calculate the remainder when 30391554 is divided by 23.
21
What is the remainder when 159546292 is divided by 207?
7
What is the remainder when 6624869 is divided by 736096?
5
Calculate the remainder when 34013 is divided by 11044.
881
Calculate the remainder when 58788841 is divided by 524900.
41
Calculate the remainder when 104525 is divided by 3456.
845
What is the remainder when 12973934 is divided by 42123?
50
Calculate the remainder when 17641218 is divided by 871.
855
Calculate the remainder when 5782978 is divided by 135.
118
What is the remainder when 105734414 is divided by 1052?
1050
Calculate the remainder when 1798515 is divided by 449613.
63
What is the remainder when 338500 is divided by 84560?
260
Calculate the remainder when 1391976 is divided by 82.
26
Calculate the remainder when 10763894 is divided by 1195986.
20
Calculate the remainder when 2536465 is divided by 24.
1
What is the remainder when 2967572 is divided by 544?
52
What is the remainder when 948212642 is divided by 10403?
10401
Calculate the remainder when 5531916 is divided by 2590.
2266
What is the remainder when 37822802 is divided by 6954?
6950
What is the remainder when 23045 is divided by 1177?
682
Calculate the remainder when 318032 is divided by 12528.
4832
What is the remainder when 418492 is divided by 393?
340
Calculate the remainder when 4106318 is divided by 630.
608
Calculate the remainder when 1559736 is divided by 16953.
60
What is the remainder when 82924 is divided by 171?
160
What is the remainder when 178290 is divided by 1254?
222
Calculate the remainder when 53146989 is divided by 38.
37
Calculate the remainder when 66365 is divided by 7366.
71
What is the remainder when 72337537 is divided by 252047?
48
What is the remainder when 261019199 is divided by 2444?
2443
Calculate the remainder when 271472 is divided by 5775.
47
What is the remainder when 11645479 is divided by 380?
379
Calculate the remainder when 714656 is divided by 119078.
188
Calculate the remainder when 174149 is divided by 87018.
113
Calculate the remainder when 54638603 is divided by 63.
26
What is the remainder when 360172795 is divided by 2496?
2491
Calculate the remainder when 1417632 is divided by 472195.
1047
What is the remainder when 926653 is divided by 1789?
1740
What is the remainder when 1622859 is divided by 41?
38
What is the remainder when 1172590 is divided by 473?
23
Calculate the remainder when 2385001 is divided by 10236.
13
What is the remainder when 799573 is divided by 90?
13
Calculate the remainder when 2428 is divided by 403.
10
Calculate the remainder when 39616983 is divided by 346.
329
What is the remainder when 3857225 is divided by 567?
491
Calculate the remainder when 5048893 is divided by 31955.
3
Calculate the remainder when 1794895 is divided by 209.
3
Calculate the remainder when 144602 is divided by 129.
122
Calculate the remainder when 53451001 is divided by 26725495.
11
What is the remainder when 3499536 is divided by 14?
12
What is the remainder when 29029380 is divided by 2532?
0
Calculate the remainder when 281947687 is divided by 38.
37
What is the remainder when 62122503 is divided by 1515183?
0
What is the remainder when 75443179 is divided by 2155519?
14
What is the remainder when 1205799 is divided by 133977?
6
Calculate the remainder when 366680 is divided by 1314.
74
What is the remainder when 342167499 is divided by 415?
414
What is the remainder when 111735103 is divided by 299?
298
Calculate the remainder when 132921 is divided by 66449.
23
Calculate the remainder when 56344021 is divided by 423.
421
What is the remainder when 4789976 is divided by 52?
48
What is the remainder when 636550 is divided by 72?
70
What is the remainder when 5252684 is divided by 63?
59
What is the remainder when 28681142 is divided by 1931?
1930
What is the remainder when 14268 is divided by 317?
3
Calculate the remainder when 35577364 is divided by 7.
4
What is the remainder when 932466 is divided by 310790?
96
What is the remainder when 2824101 is divided by 37?
2
What is the remainder when 3885949 is divided by 513?
487
Calculate the remainder when 4928610 is divided by 2726.
2
Calculate the remainder when 35593460 is divided by 51.
50
Calculate the remainder when 1788480 is divided by 17033.
15
Calculate the remainder when 3646318 is divided by 10569.
13
Calculate the remainder when 428779 is divided by 926.
41
What is the remainder when 5362258 is divided by 4186?
4178
What is the remainder when 209962 is divided by 396?
82
Calculate the remainder when 5515376 is divided by 180.
176
What is the remainder when 8204273 is divided by 56?
49
Calculate the remainder when 121085 is divided by 90.
35
What is the remainder when 7127673 is divided by 245776?
169
Calculate the remainder when 942076 is divided by 40.
36
What is the remainder when 659717 is divided by 13698?
2213
What is the remainder when 560723 is divided by 3485?
3123
Calculate the remainder when 788676 is divided by 8986.
6894
Calculate the remainder when 868292 is divided by 289407.
71
What is the remainder when 2835417 is divided by 70?
67
Calculate the remainder when 55764 is divided by 2693.
1904
What is the remainder when 574694 is divided by 4224?
230
What is the remainder when 1225971 is divided by 245176?
91
Calculate the remainder when 609435623 is divided by 4702.
4701
What is the remainder when 158147 is divided by 158093?
54
What is the remainder when 66998 is divided by 12366?
5168
What is the remainder when 46643971 is divided by 53?
49
Calculate the remainder when 26167 is divided by 3242.
231
What is the remainder when 494208 is divided by 41183?
12
What is the remainder when 3057868 is divided by 10508?
40
What is the remainder when 1506034 is divided by 3569?
3485
Calculate the remainder when 1195462 is divided by 59773.
2
What is the remainder when 136634 is divided by 136109?
525
What is the remainder when 71944 is divided by 10166?
782
What is the remainder when 8394223 is divided by 35720?
23
What is the remainder when 7802425 is divided by 299?
20
What is the remainder when 4888379 is divided by 1030?
1029
Calculate the remainder when 764887 is divided by 268.
15
Calculate the remainder when 2704052 is divided by 212.
204
What is the remainder when 317888 is divided by 50?
38
Calculate the remainder when 2084725 is divided by 7294.
5935
What is the remainder when 42456736 is divided by 875?
861
What is the remainder when 127567 is divided by 236?
127
Calculate the remainder when 118848295 is divided by 868.
867
Calculate the remainder when 6207602 is divided by 535.
532
Calculate the remainder when 291576 is divided by 137.
40
What is the remainder when 88720 is divided by 86?
54
Calculate the remainder when 357121 is divided by 178503.
115
What is the remainder when 66415556 is divided by 917?
914
What is the remainder when 174854342 is divided by 56?
54
Calculate the remainder whe